
3, 13
Let g = -382 - -398. What are the prime factors of 2105 - 2*3*(-8)/g?
2, 17, 31
Let r(s) be the third derivative of 41*s**5/10 - 35*s**2. Let p be r(-1). Suppose 2*g = g + p. List the prime factors of g.
2, 3, 41
Suppose 0 = 51*x - 53*x + 3578. Let q = 2505 - x. Suppose 4*o = 0, 0 = 5*h - 5*o + 56 - q. List the prime factors of h.
2, 3, 11
Let p = -12777 + 37396. What are the prime factors of p?
7, 3517
Let f be (-2)/9 + 496/(-36). Let c(d) = d**2 + 14*d + 3. Let x be c(f). Suppose 4*m = h - 42, -4*m = x + 17. List the prime factors of h.
2, 11
Suppose -3*m + m + 188 = 4*v, -v = -m - 53. List the prime factors of 8 - 5 - (4 + -9*v).
2, 5, 11
Let p(z) = z**3 + 7*z**2 - 18*z + 9. Let u be p(-9). Suppose 4*d + 1925 = u*d. What are the prime factors of d?
5, 7, 11
Suppose -78*x + 75*x + 2*d = -8181, -3*d = 0. List the prime factors of x.
3, 101
Suppose 2312*p = 2314*p - 6. Let i(q) = 22*q**3 - 4*q**2 + 6*q - 9. What are the prime factors of i(p)?
3, 7
List the prime factors of 7433 + 36/12 + 5.
7, 1063
Let v(d) = d**3 + 13*d**2 - 75*d - 97. Let o be v(-17). Let b(h) = -h**3 + 26 + 2*h**3 - 22*h**2 + h + h. List the prime factors of b(o).
2, 5, 7
Suppose -120*y = -18*y - 806208. What are the prime factors of y?
2, 13, 19
Let l(z) = z**3 + 9*z**2 + 13*z + 11. Let w be l(-7). Let b be ((-4)/(2/(-1)))/(6/w). Suppose b*g + 171 = 9*g. List the prime factors of g.
3, 19
Suppose -3*z + 2*k = -47975, 15959 = z + 921*k - 917*k. What are the prime factors of z?
3, 73
Suppose -3*t = t - 2*m - 46552, -3*m - 81467 = -7*t. List the prime factors of t.
103, 113
Suppose 0 = -11*v + 9*v + 118. List the prime factors of v.
59
Let z(t) = t**3 - 3*t**2 + 7*t - 13. Let y be z(3). List the prime factors of (-1 - 1524/y)/((-3)/6).
383
Suppose 0 = 5*x + 35, 3*j - 151628 = -2*x - 5*x. What are the prime factors of j?
3, 19, 887
Let u(b) = -45*b - 14. Suppose 0 = 9*k + 53 + 1. What are the prime factors of u(k)?
2
Suppose -2*x = 36*x - x - 1309134. List the prime factors of x.
2, 3, 5897
Let n = -9 - -13. Suppose -w = i, -5*w = -8*i + 6*i + 35. Suppose 2*s + n*q - 296 = 0, -i*s + 2*q + 168 = -4*s. What are the prime factors of s?
2, 79
Suppose -25570 = -5*v - p + 9326, -6988 = -v + 2*p. List the prime factors of v.
2, 5, 349
Let s(h) = h**2 + h - 1. Let g(j) = -5*j**2 + 14*j + 9. Let p(l) = -g(l) - 3*s(l). Let r be p(11). Let b = 127 - r. What are the prime factors of b?
2, 3, 13
List the prime factors of ((-33)/(-9) - 4 - -1)*48303/6.
3, 1789
Suppose -4*s + 4*m = -133117 - 75779, -4*m = -5*s + 261116. What are the prime factors of s?
2, 5, 7, 373
Let m = 23786 - 6517. What are the prime factors of m?
7, 2467
Let s = -5 + 9. Let c(h) = h**3 - 5*h**2 + 4*h - 2. Let q be c(s). Let r(l) = -3*l**3 + l**2 - 2*l + 1. List the prime factors of r(q).
3, 11
Let x = 157719 + -89202. What are the prime factors of x?
3, 23, 331
Let w be -5*((-5817)/5)/1. Suppose 5*n = 1618 + w. List the prime factors of n.
1487
Suppose -4*h - 5*d + 9 = 0, -76*h - 4*d = -79*h - 32. List the prime factors of (-3)/((-1)/(-2336)*h).
2, 3, 73
Let o be (-19 + 23 + 2*46)*102. Suppose -210*k = -216*k + o. What are the prime factors of k?
2, 3, 17
Suppose 5*r = -5*w - 30, r + 3*w + 2*w + 26 = 0. Let j be (0 - r)*(-5 - (2 - 16)). Suppose -10*v + j*v = -42. List the prime factors of v.
2, 3, 7
Let z(q) be the first derivative of 7*q**2 + 23*q + 20. Let b(y) = -27*y - 47. Let m(s) = 2*b(s) + 5*z(s). What are the prime factors of m(3)?
3, 23
Let k(x) = 18*x + 80. Let a be k(-4). What are the prime factors of ((-34)/a)/((-2)/96)?
2, 3, 17
Suppose 41*j + 3928 = 43*j. List the prime factors of -5 + j/16 + 6/(-8).
3, 13
Let l = 27778 + -19678. What are the prime factors of l?
2, 3, 5
List the prime factors of (2 - -6) + (48 - -8877).
8933
Let k = 236 + -231. Suppose -4*r = -k*i + 1293 - 13, 0 = -4*i + 2*r + 1030. What are the prime factors of i?
2, 5, 13
Suppose -2*f = -6*f + 1824. Let r = 3 - f. Let w = r + 654. List the prime factors of w.
3, 67
Let p = 707 + -431. Suppose 121*a = 127*a - p. What are the prime factors of a?
2, 23
Let g(v) = -2600*v - 7198. List the prime factors of g(-9).
2, 8101
What are the prime factors of (-564 - -27)/((-3)/43)?
43, 179
Suppose -6*k + 177 = 2013. Let i = k - -624. Suppose i = 4*j + 2*j. List the prime factors of j.
53
Suppose -249426 = -20190*h + 20172*h. List the prime factors of h.
3, 31, 149
Let j(z) = 229*z + 688*z**3 + 2 - 235*z + 3. What are the prime factors of j(1)?
3, 229
Let k be -6*(-130)/(-60) + 10. Let o(s) = -s + 2*s + s + 3 + 8*s**2. What are the prime factors of o(k)?
3, 23
Suppose -12*i + 5*g = -13*i + 8211, 2*g = -8. List the prime factors of i.
8231
Suppose 0 = -2*h - 171 - 345. Let w = 169 - h. List the prime factors of w.
7, 61
Let b(d) = -d**3 - d - 2 + 8*d + d**2 - 5*d. Let u be b(1). Let x(n) = -n + 6. What are the prime factors of x(u)?
2, 3
Let n = -47 + 59. Suppose -71 = -n*v - 11. Suppose 4*j = 3*z + 272, -j - 2*j - v*z + 233 = 0. List the prime factors of j.
71
Let l be 4*((-203)/(-28) + -6). Suppose -l*o - 7*i = -3*i - 7328, -4388 = -3*o + 2*i. What are the prime factors of o?
2, 3, 61
Let i(q) = -1. Let h(g) = -24*g + 10. Let s(f) = -h(f) - 6*i(f). Let x be s(-4). Let w = x - -209. What are the prime factors of w?
109
Let w be (30/9*6)/(-1). Suppose o - 8302 = -6*o. List the prime factors of o/8 + 5/w.
2, 37
Let g be (-2835 - -2 - -3)*12/(-5). Suppose 186*f + g = 194*f. What are the prime factors of f?
3, 283
Suppose 5*z - 3*p - 2081 = -7*p, -829 = -2*z - 5*p. What are the prime factors of ((-38)/57)/((-2)/z)?
139
List the prime factors of 1784/(-2 + 6 - 3).
2, 223
Let q(l) = 27*l**2 + 9*l + 9. Suppose 2*g + 0*g + 2*f + 12 = 0, g + 2*f = -8. List the prime factors of q(g).
3, 5
Let c(l) = -754 + 709 - 17*l + 0*l. What are the prime factors of c(-24)?
3, 11
Suppose -2*q = 4*q - 4416. Suppose -j = j - q. Suppose -4*z - 112 + j = 0. List the prime factors of z.
2
Suppose 5*b = -r + 51, 3*r + 5*b - 21 = 102. Suppose v - 2*l = 9, 2*v + l = 6*v - r. Suppose y = 20 + v. List the prime factors of y.
29
Let u = -209 - -308. What are the prime factors of (-9075)/u*33/(-5)?
5, 11
Suppose 33*x - 1085715 - 13282 = -79759. What are the prime factors of x?
2, 15443
Let s(v) = 1347*v - 938. List the prime factors of s(14).
2, 5, 7
Let d(t) = t**3 + 13*t**2 + 13*t + 14. Let m be d(-12). Let u = 192 - 143. Suppose -m*i + 93 = -u. What are the prime factors of i?
71
Let g be ((-4833)/5)/(15/(-50)). List the prime factors of (-1)/(-6)*1*2*g.
2, 3, 179
Let u be -4*(3/4 + 1). Let k(p) = -2*p**2 - 16*p. Let w be k(u). List the prime factors of (w + -2)*(-1)/(12/(-148)).
2, 37
Suppose 2*t - 21 = 5*t. Suppose i + 0*i - 3*c = 64, -4*i + 191 = c. Let q = i + t. What are the prime factors of q?
2, 3, 7
Let g(m) = -44*m + 659. List the prime factors of g(-79).
5, 827
Let l(c) = -c**3 + 6*c**2 + 4*c + 4. Let m be l(5). Suppose 5*n + 2*s = -s + 257, -3*s + m = n. Suppose 11*v - 14 = n. What are the prime factors of v?
2, 3
Let l = -5761 - -25458. What are the prime factors of l?
19697
Let a(i) = -35*i**3 + 2*i**2 + i - 1. Let u be a(2). Let l = -165 - u. Let t = -36 + l. List the prime factors of t.
2, 5, 7
Let r = 72 + 76. Let s = -3609 - -3568. Let w = r - s. List the prime factors of w.
3, 7
Suppose -3*t - 2*o + 5097 = 0, -9*o = -2*t - 12*o + 3408. What are the prime factors of t?
3, 5, 113
Suppose 9*m = -420 - 1578. What are the prime factors of (-2 - 0)*(m - -8)?
2, 107
Suppose 2*h = 4*h + i - 1361, 4*i = -3*h + 2044. What are the prime factors of (164/(-16) - -2)/((-10)/h)?
3, 11, 17
Suppose 0 = 4*v - 2114 - 7274. What are the prime factors of v?
2347
Let x = -598 + 1094. Suppose -2696 + x = -8*j. List the prime factors of j.
5, 11
Let m be 1/(-4) + 88060/(-80). Let c = m + 1581. List the prime factors of c.
2, 3, 5
What are the prime factors of 1 - (201565/(-20) - 15/(-60))?
10079
What are the prime factors of -10 - ((-46072)/2 + 4 + -14)?
2, 13, 443
Let c(v) = -2*v**2 - 14*v - 8. Let j be c(-6). Suppose 7*z - f - 1107 = 4*z, -j*f = 12. What are the prime factors of z?
2, 23
What are the prime factors of ((-6)/2 + -12)*17085/(-51)?
3, 5, 67
Suppose -k - 7 = 3*n, -2*n = -4*k - n - 28. Let d(m) = -2*m - 17. Let t be d(k). What are the prime factors of (-256)/(-2)